{"id":4801,"date":"2021-09-30T08:22:20","date_gmt":"2021-09-30T08:22:20","guid":{"rendered":"https:\/\/wolfgangepplenaturschutzundethik.de\/?page_id=4801"},"modified":"2023-01-17T07:54:02","modified_gmt":"2023-01-17T07:54:02","slug":"gruenes-wachstum-nein-greenwashing-drei-filme-zu-den-verheerenden-folgen-des-klimaschutzes-durch-erneuerbare-energien","status":"publish","type":"page","link":"https:\/\/wolfgangepplenaturschutzundethik.de\/?page_id=4801","title":{"rendered":"Gr\u00fcnes Wachstum? Nein: Greenwashing ! Drei Filme zu den verheerenden Folgen des &#8222;Klimaschutzes&#8220; durch Erneuerbare Energien"},"content":{"rendered":"\n<p>Das Beitragsfoto zeigt eine mit Windkraft und Hochspannungsleitungen \u00fcberstellte und entwertete Landschaft hinter dem Deich in der N\u00e4he der nieders\u00e4chsischen Nordseek\u00fcste. Foto: Eilert Vo\u00df<\/p>\n\n\n\n<p><\/p>\n\n\n\n<p>Aus sehr aktuellem Anlass: <\/p>\n\n\n\n<p><strong>Nach der Wahl zum Bundestag am 26. September 2021 schickt sich Deutschland an, endg\u00fcltig alle D\u00e4mme f\u00fcr den Durchmarsch der Erneuerbaren Energien in die letzten wertvollen Naturgebiete unseres Landes einzurei\u00dfen.<\/strong> Begr\u00fcndet wird das mit der Weltrettung durch &#8222;Klimaschutz&#8220;. Von den Medien wird die Agenda breit und kritiklos unterst\u00fctzt. <\/p>\n\n\n\n<p>Die etablierten Parteien hatten bereits im Wahlkampf &#8222;Verfahrensbeschleunigung&#8220; propagiert f\u00fcr die Genehmigung von Windkraftindustrie.<a href=\"https:\/\/www.boerse-frankfurt.de\/nachrichten\/2e735b1d-f131-4402-939e-0b1030c6d927\"> Die Schlagworte des Bundesverbandes WindEnergie (BWE) <em>&#8222;statt sechs Jahren sechs Monate&#8220;<\/em><\/a> wurden von etlichen Politikern im Wahlkampf nachgesprochen, allen voran der Kanzlerkandidat der SPD im <em>&#8222;Windkraft-Journal&#8220;<\/em> vom 11. August 2021 (original, Anm.: auch der dortige sprachliche Gender-Unsinn ist w\u00f6rtlich \u00fcbernommen) : <a href=\"https:\/\/www.windkraft-journal.de\/2021\/08\/11\/windkraftanlagen-in-sechs-monaten-statt-sechs-jahren-genehmigen\/165225\"><em>\u201cAls Bundeskanzler*innen werde ich im ersten Jahr f\u00fcr Tempo sorgen. Das Baurecht, die Genehmigungs- und Beteiligungsverfahren m\u00fcssen wir beschleunigen\u201d<\/em>, sagte Scholz im Interview mit der \u201cNeuen Osnabr\u00fccker Zeitung\u201d (NOZ). <em>\u201cDie Genehmigung einer Windkraftanlage darf nicht sechs Jahre dauern, sondern muss in sechs Monaten gelingen<\/em>&#8230;&#8220;<\/a> Weiter hei\u00dft es im Bericht, fett gedruckt:<\/p>\n\n\n\n<p><strong><a href=\"https:\/\/www.windkraft-journal.de\/2021\/08\/11\/windkraftanlagen-in-sechs-monaten-statt-sechs-jahren-genehmigen\/165225\"><em>F\u00fcr mehr Klimaschutz will Scholz den Widerstand gegen Windm\u00fchlen und Stromtrassen brechen<\/em><\/a><\/strong>&#8230;und wir erfahren im selben Bericht noch, dass Klimaschutz f\u00fcr die SPD ein <em>Industrieprojekt<\/em> (!) ist. Immerhin. Das ist gewisserma\u00dfen ehrlich.<\/p>\n\n\n\n<p>Getrieben vom Druck der Stra\u00dfe und l\u00e4ngst der Energiewende-Beschleunigen-Agenda von B\u00fcndnis 90\/die Gr\u00fcnen unterworfen (siehe die Rolle der  <a href=\"https:\/\/wolfgangepplenaturschutzundethik.de\/?page_id=4447\">CDU in Baden-W\u00fcrttemberg als inzwischen herausragende Hilfspartei der gr\u00fcnen Naturzerst\u00f6rung im Namen des &#8222;Klimaschutzes&#8220;<\/a>), verhandelt die sich selbst so wahrnehmende politische Elite dieses Landes nicht \u00fcber die umfassende Bewahrung der letzten Reste der Natur, sondern \u00fcber das fiktive &#8222;<em>Erreichen von Klimazielen<\/em>&#8222;, und zwar mit absehbar brachialen technischen Mitteln (Wasserkraft, Freifl\u00e4chenphotovoltaik, Entfesselung der Windkraft selbst in Schwachwindgebieten, &#8222;nationale Wasserstoffstrategie&#8220; mit kaum \u00fcberschaubaren Folgen f\u00fcr die Natur). <\/p>\n\n\n\n<p>Auf wessen Kosten und wo soll alleine eine Versechs-bis Verzehnfachung der Windkraft  in Deutschland verwirklicht werden??<\/p>\n\n\n\n<p>Ich bette hier drei jeweils auf ihre Art besonders ersch\u00fctternde und aufr\u00fcttelnde Filme ein, die den Irrglauben an eine Weltrettung durch Erneuerbare Energien und den fatalen Irrweg der auf sie begr\u00fcndeten Energiewende offenlegen. Den mutigen Machern und Produzenten der Filme sei f\u00fcr immer im gedankt! <\/p>\n\n\n\n<ol class=\"has-vivid-red-color has-text-color wp-block-list\"><li><strong>Ulrich Eichelmann (2013): Climate Crimes<\/strong><\/li><li><strong>Michael Moore (2020): Planet of the Humans<\/strong><\/li><li><strong>Marijn Poels (2021): Headwind &#8220; 21<\/strong><\/li><\/ol>\n\n\n\n<p>Der erste Film legt den Schwerpunkt im Jahr 2013 auf die angeblich so naturschonende und klimarettende Wasserkraft, die weltweit die letzten freiflie\u00dfenden Fl\u00fcsse und B\u00e4che und ihre Lebensgemeinschaften bedroht. <\/p>\n\n\n\n<p>Der zweite Film beleuchtet aus US-amerikanischer Perspektive das naturzerst\u00f6rerische Ausma\u00df Erneuerbarer Energien, die Scheinheiligkeit des Gesch\u00e4ftes mit  &#8222;Nachhaltigkeit&#8220; und die Naivit\u00e4t bzw. das Unwissen in Kreisen junger &#8222;Klima-Aktivisten&#8220;. Er wurde daher massiv aus dieser Ecke schlecht gemacht, zwischenzeitlich zensiert, ist jedoch wieder zug\u00e4nglich und beh\u00e4lt Berechtigung mit seiner wichtigen Botschaft f\u00fcr die Welt\u00f6ffentlichkeit.<\/p>\n\n\n\n<p>Der dritte Film ist ein Fanal f\u00fcr das Erwachen von Erkenntnis: Ein Dokument der beschleunigten brachialen Invasion der Windkraftindustrie in wertvolle Naturr\u00e4ume am Beispiel Schwedens und der dieses Eindringen erst erm\u00f6glichenden Finanzierung mit Tendenzen zu Korruption. Die im Film zu Ende dokumentierte gewaltt\u00e4tige Polizei-Reaktion der M\u00e4chtigen auf die Offenlegungen ist besonders beklemmend.<\/p>\n\n\n\n<figure class=\"wp-block-embed is-type-video is-provider-youtube wp-block-embed-youtube wp-embed-aspect-16-9 wp-has-aspect-ratio\"><div class=\"wp-block-embed__wrapper\">\n<iframe loading=\"lazy\" title=\"Climate Crimes - Vollversion\" width=\"1200\" height=\"675\" src=\"https:\/\/www.youtube.com\/embed\/ZzwDg9KtX2k?start=8&#038;feature=oembed\" frameborder=\"0\" allow=\"accelerometer; autoplay; clipboard-write; encrypted-media; gyroscope; picture-in-picture; web-share\" allowfullscreen><\/iframe>\n<\/div><figcaption>&#8222;Climate Crimes&#8220; von Ulrich Eichelmann (2013)<\/figcaption><\/figure>\n\n\n\n<figure class=\"wp-block-embed is-type-video is-provider-youtube wp-block-embed-youtube wp-embed-aspect-16-9 wp-has-aspect-ratio\"><div class=\"wp-block-embed__wrapper\">\n<iframe loading=\"lazy\" title=\"Michael Moore Presents: Planet of the Humans | Full Documentary | Directed by Jeff Gibbs\" width=\"1200\" height=\"675\" src=\"https:\/\/www.youtube.com\/embed\/Zk11vI-7czE?start=1219&#038;feature=oembed\" frameborder=\"0\" allow=\"accelerometer; autoplay; clipboard-write; encrypted-media; gyroscope; picture-in-picture; web-share\" allowfullscreen><\/iframe>\n<\/div><figcaption>&#8222;Planet of the Humans&#8220; von Michael Moore (2020)<\/figcaption><\/figure>\n\n\n\n<figure class=\"wp-block-embed is-type-video is-provider-youtube wp-block-embed-youtube wp-embed-aspect-16-9 wp-has-aspect-ratio\"><div class=\"wp-block-embed__wrapper\">\n<iframe loading=\"lazy\" title=\"Headwind&quot;21  [Documentary]\" width=\"1200\" height=\"675\" src=\"https:\/\/www.youtube.com\/embed\/7RgyLDVlAg4?start=1&#038;feature=oembed\" frameborder=\"0\" allow=\"accelerometer; autoplay; clipboard-write; encrypted-media; gyroscope; picture-in-picture; web-share\" allowfullscreen><\/iframe>\n<\/div><figcaption>&#8222;Headwind&#8220; 21!&#8220; von Marijin Poels (2021)<\/figcaption><\/figure>\n\n\n\n<p><strong>Die weltweit durch Erneuerbare Energien beschleunigte Industrialisierung  letzter naturnaher Landschaften wird uns nicht nur in Deutschland und Europa vor die Frage stellen, in welcher Welt wir zuk\u00fcnftig leben wollen. <\/strong><\/p>\n\n\n\n<p> Letztlich geht es inzwischen sehr konkret um die Zukunft, vielleicht aber auch bereits um einen <strong>Abgesang auf den Natur-, Arten- und Landschaftsschutz. <\/strong>Es geht um das zuk\u00fcnftige Miteinander von Mensch und Natur. <\/p>\n\n\n\n<p><\/p>\n\n\n\n<p>Schon in der ersten Auflage meiner Denkschrift zu Windkraftindustrie und Naturschutz  im Jahr 2017 habe ich bis ins Detail aufgezeigt, wie der Hype um den Klimawandel den Naturschutz \u201ekannibalisiert\u201c, und dass dieser Hype mit<a href=\"https:\/\/wolfgangepplenaturschutzundethik.de\/?page_id=2434\"> Betonung von technischer Weltrettung<\/a><strong><a href=\"https:\/\/wolfgangepplenaturschutzundethik.de\/?page_id=2434\"> den naturethischen Diskurs anthropozentrisch verengt um Jahrzehnte zur\u00fcckwirft.<\/a> <\/strong>Dass dar\u00fcber hinaus im ganzheitlichen Sinne die Besch\u00e4digung der Natur auch Besch\u00e4digung des Menschen bedeutet, und dass weltweit der Boom Erneuerbarer auch mit Menschenrechtsverletzungen einhergeht, best\u00e4tigt, dass es in dieser Auseinandersetzung in der Tat um Ganzheitlichkeit geht.<\/p>\n\n\n\n<p>Um <a href=\"https:\/\/wolfgangepplenaturschutzundethik.de\/\"><strong>Ganzheitlichkeit des Naturschutzes<\/strong> <\/a>mit Leben zu f\u00fcllen, ben\u00f6tigt es neben der Grundentscheidung f\u00fcr einen altruistischen Ansatz in jeder Hinsicht Besinnung und Differenzierung. Es geht um <strong><a href=\"https:\/\/wolfgangepplenaturschutzundethik.de\/?page_id=91\">gerechte Teilung des Planeten<\/a> <\/strong>\u2013 unter den Menschen und mit der Natur, die als das definiert ist, was wir Menschen nicht selbst gemacht haben oder machen k\u00f6nnen. Es geht auch um die <strong><a href=\"https:\/\/wolfgangepplenaturschutzundethik.de\/?page_id=181\">Sch\u00f6nheit der Erde<\/a><\/strong> und ihrer Natur, die wir in der alleinigen Betrachtung einer technischen Weltrettung im Rahmen des &#8222;Klimaschutzes&#8220; offensichtlich endg\u00fcltig aus den Augen verlieren.&nbsp;<\/p>\n\n\n\n<p>Statt eines seit Jahren geforderten und dringend als Denkpause notwendigen Moratoriums beim Zubau speziell der Windkraft (und Freifl\u00e4chenphotovoltaik und Wasserkraft) soll nun in der n\u00e4chsten Legislaturperiode die <a href=\"https:\/\/www.naturschutz-initiative.de\/images\/PDF2020\/Windkraftlobby.pdf\"><strong>bereits unter Verantwortung der Regierung Merkel eingeleitete Schw\u00e4chung des Naturschutzes<\/strong><\/a> zu Gunsten des &#8222;Klimaschutzes&#8220; endg\u00fcltig durchgezogen und zementiert werden. Dabei sind nicht nur in einschl\u00e4gig daf\u00fcr bekannten L\u00e4ndern, sondern auch in Deutschland sehr wohl die B\u00fcrgerrechte in Gefahr.<\/p>\n\n\n\n<p>Mit jedem Schritt zur sogenannten Verfahrensbeschleunigung entfernen wir uns auch von den immer noch bestehenden M\u00f6glichkeiten, ganzheitlichen Naturschutz mit dem &#8222;Klimaschutz&#8220; auch nur ansatzweise zu vers\u00f6hnen. Die beiden letzten Filme geben Anlass zur Hoffnung, dass ein Erwachen vieler naturverbundener Menschen angesichts des im Gange befindlichen Albtraums m\u00f6glich sein wird. <\/p>\n\n\n\n<p>Weitere Details und Hintergr\u00fcnde zu <a href=\"https:\/\/wolfgangepplenaturschutzundethik.de\/?page_id=2772\">Wasserkraft auf dieser Homepage<\/a> hier.<\/p>\n\n\n\n<p>Weitere Details zur <a href=\"https:\/\/wolfgangepplenaturschutzundethik.de\/?page_id=86\">Windkraft auf dieser Homepage <\/a>hier (bitte die Unterseiten beachten). <\/p>\n\n\n\n<p>Und umfassend zu den Hintergr\u00fcnden und zur Einordnung mein Buch zum Konflikt; siehe:<\/p>\n\n\n\n<p><em><a href=\"https:\/\/www.bod.de\/buchshop\/windkraftindustrie-und-naturschutz-wolfgang-epple-9783753416991\">Epple, W. (2021). Windkraftindustrie und Naturschutz. Windkraft-Naturschutz-Ethik. Eine Studie f\u00fcr die Naturschutzinitiative e.V. (NI), 544 Seiten. Verlag BoD \u2013 Books on Demand, Norderstedt. https:\/\/www.bod.de\/buchshop\/windkraftindustrie-und-naturschutz-wolfgang-epple-9783753416991 <\/a> <\/em><\/p>\n\n\n\n<p><\/p>\n\n\n\n<p><\/p>\n","protected":false},"excerpt":{"rendered":"<p>Das Beitragsfoto zeigt eine mit Windkraft und Hochspannungsleitungen \u00fcberstellte und entwertete Landschaft hinter dem Deich in der N\u00e4he der nieders\u00e4chsischen Nordseek\u00fcste. Foto: Eilert Vo\u00df Aus &hellip; <\/p>\n","protected":false},"author":1,"featured_media":4812,"parent":91,"menu_order":0,"comment_status":"closed","ping_status":"closed","template":"","meta":{"om_disable_all_campaigns":false,"_monsterinsights_skip_tracking":false,"_monsterinsights_sitenote_active":false,"_monsterinsights_sitenote_note":"","_monsterinsights_sitenote_category":0,"footnotes":""},"class_list":["post-4801","page","type-page","status-publish","has-post-thumbnail","hentry"],"aioseo_notices":[],"_links":{"self":[{"href":"https:\/\/wolfgangepplenaturschutzundethik.de\/index.php?rest_route=\/wp\/v2\/pages\/4801"}],"collection":[{"href":"https:\/\/wolfgangepplenaturschutzundethik.de\/index.php?rest_route=\/wp\/v2\/pages"}],"about":[{"href":"https:\/\/wolfgangepplenaturschutzundethik.de\/index.php?rest_route=\/wp\/v2\/types\/page"}],"author":[{"embeddable":true,"href":"https:\/\/wolfgangepplenaturschutzundethik.de\/index.php?rest_route=\/wp\/v2\/users\/1"}],"replies":[{"embeddable":true,"href":"https:\/\/wolfgangepplenaturschutzundethik.de\/index.php?rest_route=%2Fwp%2Fv2%2Fcomments&post=4801"}],"version-history":[{"count":29,"href":"https:\/\/wolfgangepplenaturschutzundethik.de\/index.php?rest_route=\/wp\/v2\/pages\/4801\/revisions"}],"predecessor-version":[{"id":6344,"href":"https:\/\/wolfgangepplenaturschutzundethik.de\/index.php?rest_route=\/wp\/v2\/pages\/4801\/revisions\/6344"}],"up":[{"embeddable":true,"href":"https:\/\/wolfgangepplenaturschutzundethik.de\/index.php?rest_route=\/wp\/v2\/pages\/91"}],"wp:featuredmedia":[{"embeddable":true,"href":"https:\/\/wolfgangepplenaturschutzundethik.de\/index.php?rest_route=\/wp\/v2\/media\/4812"}],"wp:attachment":[{"href":"https:\/\/wolfgangepplenaturschutzundethik.de\/index.php?rest_route=%2Fwp%2Fv2%2Fmedia&parent=4801"}],"curies":[{"name":"wp","href":"https:\/\/api.w.org\/{rel}","templated":true}]}}